he units digit of x?
7
What is the hundreds digit of 399081/51 + (0 - (-4)/(-34))?
8
Suppose -2*l + 68 = 56. Let n be -69*(5 - l) - 5. What is the tens digit of (144/n)/(6/208)?
7
Let q = 9857 + 4361. What is the ten thousands digit of q?
1
Suppose -2*k + 631 - 635 = 0. Let y = 284 + -98. What is the units digit of y*k*(-3)/9?
4
Suppose -6 + 0 = -3*x. Let l(k) = 127*k**2 - 11*k + 2. What is the hundreds digit of l(x)?
4
Suppose 206 = 9*x - 91. What is the hundreds digit of 12039/x + (-14)/(-77)?
3
Suppose v = -17*u + 21*u - 32647, -5*v - 24498 = -3*u. What is the thousands digit of u?
8
Suppose -n + 324 = 3*v, -5*v - 3*n + n + 539 = 0. Suppose -v*u + 916 = -105*u. Let a = u + -96. What is the tens digit of a?
3
Suppose -7*l + 234759 = -3*t, -t = -l + 26456 + 7081. What is the hundreds digit of l?
5
Let q = -2073 - -2513. What is the tens digit of q?
4
Let u(m) = m**3 - 7*m**2 + 5*m + 10. Let v be u(6). Let i be (-1)/((-4)/12*-1). What is the hundreds digit of (i/v)/((55/(-1040))/11)?
1
What is the ten thousands digit of (-10575)/(-18)*(8 + 0)*(-15)/(-5)?
1
Suppose -3 + 11 = 4*p. Suppose 4*a = -p*a + 198. Suppose -4*f + 975 + a = 0. What is the hundreds digit of f?
2
Let u be (1064 + -7)*(-4)/14. Suppose t + 3*b + 33 = -438, -2*t + 4*b = 912. Let s = u - t. What is the hundreds digit of s?
1
Suppose 0*f - 4*f = -8. Suppose 0 = 2*x + f*c - 2, -5*c - 16 = -x - x. Let m(n) = 19*n. What is the tens digit of m(x)?
5
Let y = -176 - -494. What is the hundreds digit of y?
3
Suppose 15*t - 564 = 9*t. Let p(k) = 6*k - 24. Let c be p(4). Suppose c*l + t = l. What is the tens digit of l?
9
What is the tens digit of (-5307)/((-10)/(-80)*-8)?
0
What is the thousands digit of 6135 + (-15*6/18 - -6)?
6
Let x = 477 + -955. What is the units digit of (7 + -15)*x/8?
8
Let b = 275543 + -189533. What is the tens digit of b?
1
Suppose 0 = v + 5*b - 6921, 0 = -59*v + 63*v + 2*b - 27828. What is the units digit of v?
1
Suppose 663404 = 14*i + 62*i. What is the units digit of i?
9
Let z(j) = j**3 + 19*j**2 + 2. Let i be z(-19). Let g be -6*3/(-9) + i. Suppose -x + 450 = g*x. What is the tens digit of x?
9
What is the units digit of (-45)/(-6)*((-6144)/(-36) - 14)?
5
Let b be 4/(-5)*(-10)/4. Suppose -b*x = -5 - 11. Suppose x*q - 5*q = 213. What is the units digit of q?
1
Suppose 0 = 16*w - 388860 + 23932. What is the ten thousands digit of w?
2
Let y(a) = -a**2 + 7*a + 11151. Let g be y(0). Suppose -5*q + 26*q = g. What is the hundreds digit of q?
5
Let q(n) = -33*n + 8406. What is the units digit of q(105)?
1
Let t = -448 - -1275. Let f = t + -573. What is the tens digit of f?
5
Suppose -14 = -d - 7*a + 3*a, 5*d + 5*a = 55. Suppose v - 29 = -3*l, -l + d = v - 9. What is the tens digit of v?
1
Let o = -4916 + 10230. What is the units digit of o?
4
What is the thousands digit of ((-6266)/(-4))/((-3)/(-54)) + 166 + -173?
8
Let r(g) = 1689 + 16*g - 43*g**3 - 12*g + g**2 - 1687. Let o(v) = -v - 6. Let y be o(-5). What is the tens digit of r(y)?
4
Suppose -298339 + 77670 = -149*q. What is the tens digit of q?
8
Let t be ((-4)/8*4)/((-10)/5455). Let c = t + -695. What is the units digit of c?
6
Suppose 2*y + 3993 = 13*y. Let u = 251 - y. Let z = 10 - u. What is the tens digit of z?
2
Let w(u) = 3*u - 14. Suppose 250 = 5*t - 5*o, -2*o + 183 = 4*t - 11. Let k = t + -36. What is the units digit of w(k)?
5
Let y(z) = 472*z**2 - 13*z - 5*z - 447*z**2 + 46. What is the thousands digit of y(8)?
1
Let m(c) = -8*c - 16. Let u(a) = -2*a - 12. Let z be u(-13). Let d be m(z). Let v = -15 - d. What is the hundreds digit of v?
1
Let a(x) = 1486*x - 53. What is the tens digit of a(3)?
0
Let v be 6/24 + (-3062)/(-8). Let c = 234 - v. Let u = c - -213. What is the tens digit of u?
6
Let i(g) be the third derivative of 0 + 1/60*g**5 - 3/2*g**3 - 11*g**2 + 0*g + 7/8*g**4. What is the tens digit of i(-24)?
6
Let w be ((-42)/(-28))/(6/8). Suppose -4*f = -2*c - 550 - 388, 2*f - w*c = 466. What is the units digit of 5/((-40)/f)*-2?
9
Let o = 242 + -239. Suppose 5*v - 4458 = -4*p, -o*p = 4*v - 0*v - 3567. What is the hundreds digit of v?
8
Suppose -24 = -4*l - 4*g, -4*l + 34 = 5*g + 9. Suppose -2*c - 2*k = 3*c - 719, -15 = l*k. What is the units digit of c?
5
Let j(q) = -q**2 - 27*q. Suppose 0 = 5*f + 25, -o - 2*f - f = 30. What is the hundreds digit of j(o)?
1
Let c(d) be the first derivative of -5*d**4/4 + 2*d**3/3 - d**2/2 - d - 16. Let i be c(2). Let w = i + 128. What is the units digit of w?
3
Suppose -16*s - 6171 = -65819. What is the hundreds digit of s?
7
Let s(r) = 29*r - 171. Let h be s(10). What is the thousands digit of 1283*((-8)/(-7) + (-17)/h)?
1
Let u = 23263 + -16508. What is the units digit of u?
5
Let p(c) = 127*c - 176. Let h(v) = 43*v - 58. Let k(w) = -8*h(w) + 3*p(w). What is the tens digit of k(7)?
9
Let d = 2764 - -1255. What is the hundreds digit of d?
0
Let y = 1311 + -901. Suppose -k + 2*t = -189, -2*k + 9*t - 13*t = -y. What is the units digit of k?
7
Let q be ((-13)/((-52)/24) + -6)/(-1). Suppose q = -2*p + 18*p - 1680. What is the hundreds digit of p?
1
Let k be -5 + (-129)/(-27) - (-354964)/18. Suppose -k = -10*d - 10*d. What is the units digit of d?
6
Let g = -58 - -61. What is the tens digit of g*(-4)/6 + 450?
4
Suppose -5*z = -t + 33884 - 145881, 4*z - 89606 = 5*t. What is the tens digit of z?
9
Suppose 0 = 823*k - 842*k + 312398. What is the thousands digit of k?
6
Let y(t) = -21*t - 9. Let r(q) = 5*q + 2. Let a(z) = -18*r(z) - 4*y(z). Let k be a(-7). Suppose k = 21*x - 19*x. What is the units digit of x?
1
Suppose 4*d - z - 105906 = 73495, 0 = -4*z - 20. What is the ten thousands digit of d?
4
Suppose -4*s - 3*b + 280828 = 0, -351035 = -1692*s + 1687*s + 3*b. What is the hundreds digit of s?
2
Let i = 510 + -506. Let j(a) = a**2 + a. Let f be j(-5). Suppose o = -i*o + f. What is the units digit of o?
4
Let x(q) = 13*q**2 - 29*q + 84. What is the units digit of x(-20)?
4
Let u(a) = -22*a - 323. Let i be u(-43). Let j = 1078 - i. What is the hundreds digit of j?
4
Let s be 3/((-3)/(-5))*(-2396)/(-10). Suppose s = -64*b + 66*b. Suppose -4*g + b = 171. What is the tens digit of g?
0
Let l(y) = 5*y**2 + 9 + y - 1 - 7*y - y**3 - 2*y**3 - 14*y**2. What is the hundreds digit of l(-6)?
3
Let k = -359 + 299. Let f = k - -843. What is the tens digit of f?
8
Let o(b) = -4879*b - 5027. What is the tens digit of o(-9)?
8
Suppose 89 = 2*w + 5*s - 2*s, -5*w + 2*s = -194. Suppose -w = -5*h - 1570. Let d = 477 + h. What is the units digit of d?
1
Suppose 45951 = 3*y + 5*g, 1524 = 2*y - 5*g - 29085. What is the ten thousands digit of y?
1
Suppose 0 = -5*t - 1759 + 17939. Suppose 0 = 14*c + t - 11188. What is the hundreds digit of c?
5
Suppose 2469*s - 289136 = 2453*s. What is the tens digit of s?
7
Let u(o) = -3*o**3 + 157*o**2 - 9*o - 53. Let r be u(52). Let v = r + -342. What is the units digit of v?
1
What is the hundreds digit of (5918/5)/(202/10 + -20)?
9
Suppose -y - 2*f + 11 = f, -3*f + 19 = 5*y. Suppose -y*d + 691 = 165. What is the tens digit of d?
6
Let a be (-12)/(-10)*(-200)/(-60). Suppose -2*u + 136 = -a*d, -17*u - 5*d + 325 = -12*u. What is the units digit of u?
6
Suppose 4*z - 3*z = -22. Let p = 58 + z. Let c = p + -11. What is the tens digit of c?
2
What is the hundreds digit of (-22*(1 + 538/4))/(449 - 450)?
9
Suppose 60*k - 6922 = -809 + 154207. What is the units digit of k?
2
Let a(m) be the first derivative of -2 - 19*m + 4*m**2 + 1/3*m**3. What is the units digit of a(-13)?
6
Let k = 7584 - 3687. What is the units digit of k?
7
Suppose 0 = -11*i + 12*i - 877. Suppose i + 1923 = 7*x. What is the hundreds digit of x?
4
Let l(u) = 2*u - 13. Suppose 0 = 3*h + 3*v + 126 - 372, -5*h - 4*v + 408 = 0. Let p = h - 70. What is the units digit of l(p)?
7
Suppose 3*o = 7*j - 12*j - 1, -5*o + 4*j = -23. Suppose -o*c + 365 = -361. What is the hundreds digit of c?
2
Suppose 2*u + j = -3*u + 29, 5*j = -4*u + 40. What is the hundreds digit of (-1)/(2/u - 5517/13755)?
9
Let a(t) = -t**3 + 29*t**2 + 12*t + 62. Let p be a(30). Let g = 1281 + p. What is the hundreds digit of g?
8
Let f = 34 + -9. Let c be ((-20)/f)/1*-5. Suppose -2*x = p - c*x - 83, 166 = 2*p + x. What is the tens digit of p?
8
Suppose -i = -u - 7660, -27*i - 3*u + 30654 = -23*i. What is the hundreds digit of i